. Give s(-27).
-4
Let u(c) = 250*c - 1377. Calculate u(6).
123
Let h(t) = -2135*t - 2823. What is h(-1)?
-688
Let n(o) = 6*o**2 - 12297*o + 12297. Calculate n(1).
6
Let u(h) = 1157*h**3 + h**2 + 8*h + 6. Calculate u(-1).
-1158
Let p(k) = -71*k - 3583. What is p(-46)?
-317
Let j(y) = -3*y**3 + 42*y**2 - 55*y + 798. Calculate j(14).
28
Let g(b) = -2*b**2 + 617*b + 7873. Calculate g(-12).
181
Let j(n) = -n**3 - 197*n**2 + 7*n + 1370. Calculate j(-197).
-9
Let y(n) = -2*n**3 + 1599*n**2 - 21233*n + 8638. Calculate y(786).
-8
Let m(t) = 8*t**3 - 379*t**2 + 139*t + 78. What is m(47)?
-16
Let k(d) = d**2 + 292996*d - 38399644. Determine k(131).
-7
Let c(z) = -6*z**2 + 159*z - 293. What is c(2)?
1
Let m(l) = 40271*l + 443001. Give m(-11).
20
Let i(d) = 11628*d + 6000055. What is i(-516)?
7
Let l(z) = z**3 - 68*z**2 - 156*z - 3921. What is l(71)?
126
Let i(p) = 14665*p**2 + 102653*p - 37. Give i(-7).
-23
Let p(j) = -984*j + 23487. Calculate p(25).
-1113
Let r(d) = 218*d + 4322. Calculate r(-8).
2578
Let w(p) = 27536*p + 220289. What is w(-8)?
1
Let d(p) = -28313*p - 27123858. Calculate d(-958).
-4
Let z(b) = 56*b**2 - 482*b - 70. What is z(9)?
128
Let a(n) = -n**3 + 195*n**2 - 610*n + 6534. What is a(192)?
6
Let o(z) = 14*z**2 - 103*z - 571. What is o(-5)?
294
Let k(g) = -g**3 + 5*g**2 + 2589*g - 35478. Give k(45).
27
Let i(k) = -k**2 - 304*k + 2538. What is i(8)?
42
Let l(r) = r**2 + 984*r + 97571. Calculate l(-110).
1431
Let j(f) = -13368*f - 106936. What is j(-8)?
8
Let o(k) = -2*k**3 + 114*k**2 + 61*k - 3403. Determine o(57).
74
Let m(d) = 28*d**2 - 8659*d - 68788. Determine m(317).
1
Let i(n) = 82*n + 7445. Calculate i(-91).
-17
Let p(b) = -b**3 + 137*b**2 - 273*b + 373. Determine p(135).
-32
Let z(f) = 2039*f - 997076. Determine z(489).
-5
Let c(u) = 1236*u + 646403. Calculate c(-523).
-25
Let k(h) = -1108*h + 94316. Calculate k(85).
136
Let h(d) = -2*d**2 + 66894*d + 3215529. Give h(-48).
9
Let x(n) = -7*n**3 - 37*n**2 - 319*n - 50. Calculate x(-8).
3718
Let d(j) = -4*j**2 - 148*j - 1240. Calculate d(-34).
-832
Let w(t) = 464*t + 5685. Determine w(-12).
117
Let f(t) = -380348*t - 3423121. Give f(-9).
11
Let j(h) = 3*h**2 + 141*h + 727. Calculate j(-5).
97
Let b(t) = 2*t**2 - 79*t - 7058. Give b(82).
-88
Let r(b) = -53*b**3 - 156294*b**2 + 8851*b + 11794. Give r(-2949).
-2
Let k(b) = b**2 - 111*b + 2011. What is k(79)?
-517
Let j(x) = -x**3 - 21*x**2 + 454*x - 829. Determine j(11).
293
Let f(s) = -s**3 + 57*s**2 - 453*s + 727. What is f(48)?
-281
Let j(q) = -79*q**2 - 2242*q + 8958. What is j(4)?
-1274
Let d(s) = -111363*s + 1113634. What is d(10)?
4
Let u(o) = 2*o**3 + 37*o**2 - 7*o - 691. Give u(-13).
1259
Let p(x) = -2873*x**2 + 1379044*x - 1908. Give p(480).
12
Let h(x) = -x**2 - 282*x - 17472. Determine h(-189).
105
Let m(q) = q**2 + 222*q + 5845. Determine m(-31).
-76
Let r(f) = -f**3 + 1283*f**2 + 98989*f + 75. Give r(-73).
2
Let y(r) = 45802*r + 91594. What is y(-2)?
-10
Let a(x) = -x**3 + 72*x**2 + 395*x + 530. What is a(77)?
1300
Let u(t) = -395*t - 7965. Determine u(-20).
-65
Let z(a) = -868*a + 3714. Determine z(4).
242
Let d(n) = 4693*n + 4753. Determine d(-1).
60
Let w(t) = t**3 + 129*t**2 - 3324*t - 270. Determine w(-151).
32
Let b(m) = 164*m - 453. What is b(9)?
1023
Let y(h) = h**3 - 18*h**2 - 188*h - 450. What is y(-4)?
-50
Let x(n) = 296*n + 6953. Determine x(-24).
-151
Let x(w) = 6*w**3 - 756*w**2 - 660*w - 13000. Calculate x(127).
-46
Let s(f) = -f**2 + 809*f - 30690. Give s(40).
70
Let q(t) = 942*t + 93246. Determine q(-99).
-12
Let h(x) = -7*x**3 + 2666*x**2 + 392*x - 4233. What is h(381)?
-42
Let u(r) = 146*r + 10007. What is u(-82)?
-1965
Let q(m) = 364*m**2 - 23664*m + 296. What is q(65)?
36
Let q(m) = 16204*m - 116. Calculate q(0).
-116
Let l(j) = -4*j**2 - 9*j + 86. Determine l(4).
-14
Let p(x) = -6*x**2 - 1773*x - 7843. Give p(-291).
14
Let k(g) = 148*g - 6594. Determine k(47).
362
Let l(h) = 356*h**2 - 44148*h + 540. Determine l(124).
44
Let j(u) = 664*u + 1106. Calculate j(-1).
442
Let q(x) = 9*x**2 - 342*x + 387. Give q(36).
-261
Let q(b) = 8*b**2 - 16807*b + 50399. Calculate q(3).
50
Let j(f) = -10*f**2 - 117*f - 85. Give j(-12).
-121
Let u(w) = 87*w**2 + 8432*w - 772. Give u(-97).
-93
Let p(d) = 4*d**3 + 10*d**2 + 40*d + 73. Calculate p(-2).
1
Let v(d) = 8*d**2 - 1299*d + 14231. Calculate v(11).
910
Let i(j) = -1847*j**2 - 605*j. Determine i(-1).
-1242
Let p(y) = -608*y + 60165. Determine p(99).
-27
Let j(k) = -131*k**2 + 13*k + 3. Give j(0).
3
Let z(n) = 459*n - 25081. Determine z(57).
1082
Let c(x) = 34*x**2 - 31*x - 92. Determine c(-3).
307
Let a(h) = -5709*h - 51466. Determine a(-9).
-85
Let w(v) = 2*v**2 - 318*v - 130347. Calculate w(-188).
125
Let a(i) = -122*i**2 - 2697*i - 34. Calculate a(-22).
252
Let i(v) = -126692*v - 7221447. Give i(-57).
-3
Let z(y) = y**2 - 13*y + 121. Give z(6).
79
Let c(p) = 1391*p + 55640. Give c(-40).
0
Let j(g) = 78198*g - 12198885. Give j(156).
3
Let r(g) = 14857*g - 326857. Give r(22).
-3
Let l(j) = -227*j + 41522. Give l(183).
-19
Let w(o) = -16*o**2 + 1492*o - 225. What is w(93)?
147
Let v(s) = -3*s**3 + 31*s**2 + 485*s - 4961. Determine v(10).
-11
Let o(s) = 29*s**2 - 1769*s - 9. Give o(61).
-9
Let k(p) = 5014*p - 270935. Determine k(54).
-179
Let a(p) = -15425*p - 2838176. Calculate a(-184).
24
Let u(y) = 2*y**2 - 1669*y - 164392. Give u(-89).
-9
Let c(z) = -11*z**3 - 888*z**2 + 241*z - 150. Calculate c(-81).
12
Let w(g) = 1363*g + 38166. Determine w(-28).
2
Let o(w) = -3*w**3 - 131*w**2 - 93*w - 91. Determine o(-43).
210
Let v(c) = -99*c**2 + 9304*c - 21. Determine v(94).
-209
Let f(r) = -r**3 + 93*r**2 + 881*r + 3772. Determine f(102).
-2
Let q(g) = -2*g**2 - 126*g + 1370. What is q(-95)?
-4710
Let y(a) = -4*a**2 - 1657*a - 115147. What is y(-326)?
-69
Let a(z) = 717*z - 182885. What is a(255)?
-50
Let v(w) = 3*w**2 + 3537*w + 41994. Give v(-12).
-18
Let x(p) = -2*p**2 + 47302*p + 662645. Determine x(-14).
25
Let d(b) = 6*b**3 + 14*b**2 - 333*b + 328. Give d(-9).
85
Let k(o) = -110145*o + 550733. What is k(5)?
8
Let r(j) = j**3 - 36*j**2 + 922*j - 29043. Determine r(34).
-7
Let f(n) = n**2 - 5862*n + 973135. Determine f(171).
-26
Let k(p) = -30*p**2 + 43803*p + 43834. Determine k(-1).
1
Let o(s) = -26*s**3 + 18*s**2 - 12*s + 24. Determine o(4).
-1400
Let u(d) = 2*d**2 + 69*d + 1324. What is u(-27)?
919
Let v(q) = 4*q**2 - 190*q + 1386. Give v(41).
320
Let n(h) = 259254*h + 1555341. Give n(-6).
-183
Let g(c) = 2*c**3 + 216*c**2 - 5716*c - 61. Determine g(22).
27
Let q(y) = 1746*y - 49665. Determine q(29).
969
Let f(x) = -352*x**2 - 348*x + 22. Calculate f(-1).
18
Let k(l) = -762*l**2 + 5345*l - 2. What is k(7)?
75
Let q(a) = 290*a**3 + 31*a**2 + 100*a + 71. What is q(-1)?
-288
Let q(w) = 29967*w - 30109. What is q(1)?
-142
Let d(i) = 43*i**2 - 733*i - 7. Give d(16).
-727
Let m(f) = 1023*f - 299739. Calculate m(293).
0
Let p(h) = -42*h**2 - 711*h - 1646. Calculate p(-14).
76
Let t(w) = 2*w**3 + 440*w**2 + 23863*w - 133. What is t(-123)?
-256
Let q(h) = h**3 - 18*h**2 - 1090*h - 383. Calculate q(-25).
-8
Let h(i) = 3*i**3 + 36*i**2 + 98*i + 71. Calculate h(-12).
-1105
Let b(h) = -h**3 - 117*h**2 + 4767*h + 280. Determine b(-149).
429
Let n(z) = 10185*z + 4725834. Give n(-464).
-6
Let w(o) = -2*o**2 + 170*o + 5858. Give w(112).
-190
Let q(u) = -u**2 + 96*u - 2153. Determine q(52).
135
Let q(b) = -378*b + 216. Give q(2).
-540
Let u(j) = 2*j**3 + 180*j**2 + 132*j - 4042. Give u(-89).
52
Let y(j) = 35*j**2 - 4276*j - 12811. What is y(-3)?
332
Let h(a) = -28*a**2 - 330*a + 665. Calculate h(2).
-107
Let a(u) = -495*u**2 + 404*u + 12. What is a(1)?
-79
Let w(r) = -r**2 + 368*r + 263182. Calculate w(729).
13
Let h(o) = -16*o**3 + 9*o**2 + o - 63. Give h(4).
-939
Let z(l) = -l**2 - 6612*l - 670435. Determine z(-103).
-8
Let n(q) = -6059*q + 1514791. Calculate n(250).
41
Let s(n) = -41421*n + 6213149. Determine s(150).
-1
Let g(o) = 63*o**2 + 1058*o - 3. What is g(-16)?
-803
Let f(c) = c**3 + 154*c**2 + 1829*c - 550. Give f(-141).
14
Let g(b) = -9*b**3 - 1243*b**2 - 145*b - 837. Calculate g(-138).
129
Let g(v) = -130730*v + 3529709. Give g(27).
-1
Let m(p) = -p**3 + 39*p**2 - 440*p + 23063. Determine m(42).
-709
Let k(r) = -3681*r + 1586503. Give k(431).
-8
Let k(y) = 4026084*y